{"id":5820,"date":"2015-06-22T15:21:28","date_gmt":"2015-06-22T13:21:28","guid":{"rendered":"http:\/\/langwost.de\/?page_id=5820"},"modified":"2016-11-10T09:34:24","modified_gmt":"2016-11-10T08:34:24","slug":"innovative-unternehmenswerbung","status":"publish","type":"page","link":"https:\/\/langwost.de\/?page_id=5820","title":{"rendered":"S2 &#8211; Innovative Unternehmenswerbung"},"content":{"rendered":"<p><b>Unternehmenswerbung sollte innovativ sein!<br \/>\n<\/b>Eine gute vision\u00e4re Unternehmensberatung bringt Sie ein gro\u00dfes St\u00fcck weiter!<br \/>\nIn diesem Zusammenhang sollten Ihnen die notwendigen Formeln<br \/>\nf\u00fcr die Umsetzung der Marketingstrategie gleich mit an die Hand gegeben werden.<br \/>\n<strong>Wir tun sowas.<\/strong><\/p>\n<p>Jetzt heisst es f\u00fcr jeden Unternehmer zugreifen und das realisieren<br \/>\nwas Ihnen Erfolg bringt.<br \/>\nUnternehmen Sie was!<\/p>\n<p>Mit neuen Strategien und deren Taten werden Sie v\u00f6llig neue<br \/>\nBereiche erschliessen und somit neue Ziele entdecken.<\/p>\n<p>\u00c4hnlich wie Mister Christoph Kolumbus.<br \/>\nDer muss wirklich nen wahnsinns Vision gehabt haben,<br \/>\nmit ner alten Holznussschale aufs offene Meer hinauszusegeln<br \/>\nmit nen Team voller Unrasierter, nur um ne neue Welt zu entdecken.<br \/>\nDas muss man sich mal bildlich vorstellen! Er hat&#8217;s geschafft!<br \/>\nUnd Sie?<\/p>\n<p>Sie haben alle aalglattrasierte Bank- und Finanzberater um sich herum geschert,<br \/>\ndie vermutlich nix bewirken, ausser das Sie Ihre Zeit klauen.<br \/>\nDas bringt Ihnen keine Punkte.<br \/>\nSo kommen Sie nicht weiter!<\/p>\n<p><strong>Bei unserer Unternehmenswerbung geht es um konzeptionelle,<\/strong><br \/>\n<strong> zielgerichtete Strategien, die hoch innovativ sind.<\/strong><\/p>\n<p>Denn nur so k\u00f6nnen Sie sich im heutigen Markt eine klare Position verschaffen.<br \/>\nNur wenn Sie sich deutlich von Ihrem Umfeld abheben,<br \/>\nwird man Ihr Potential erkennen.<br \/>\nIhr Produkt muss gl\u00e4nzen wie ein Stern.<br \/>\nIhr Dienstleistung perfekt inzeniert werden und<br \/>\nIhre Unternehmensleistung sollte aussergew\u00f6hnlich sein!<\/p>\n<p><strong>Werbung darf nicht\u2026.. Werbung muss anders sein!<\/strong><br \/>\n<strong> Auffallend, schillernd und einzigartig, aber auf keinen Fall artig!<\/strong><\/p>\n<p>Ecken Sie an, zeigen Sie Format, fallen Sie auf,<br \/>\ndann fallen Sie auch jemanden ein!<\/p>\n<p>Haben Sie Mut!!<br \/>\nNur mutige Elefanten die mit dem Roller durch die Stadt<br \/>\nfahren fallen auf!<\/p>\n<p>Oder wie sehen Sie das?<\/p>\n","protected":false},"excerpt":{"rendered":"<p>Unternehmenswerbung sollte innovativ sein! Eine gute vision\u00e4re Unternehmensberatung bringt Sie ein gro\u00dfes St\u00fcck weiter! In diesem Zusammenhang sollten Ihnen die [&hellip;]<\/p>\n","protected":false},"author":1,"featured_media":0,"parent":0,"menu_order":0,"comment_status":"closed","ping_status":"closed","template":"","meta":{"footnotes":"","_links_to":"","_links_to_target":""},"class_list":["post-5820","page","type-page","status-publish","hentry","no-featured-image"],"_links":{"self":[{"href":"https:\/\/langwost.de\/index.php?rest_route=\/wp\/v2\/pages\/5820"}],"collection":[{"href":"https:\/\/langwost.de\/index.php?rest_route=\/wp\/v2\/pages"}],"about":[{"href":"https:\/\/langwost.de\/index.php?rest_route=\/wp\/v2\/types\/page"}],"author":[{"embeddable":true,"href":"https:\/\/langwost.de\/index.php?rest_route=\/wp\/v2\/users\/1"}],"replies":[{"embeddable":true,"href":"https:\/\/langwost.de\/index.php?rest_route=%2Fwp%2Fv2%2Fcomments&post=5820"}],"version-history":[{"count":8,"href":"https:\/\/langwost.de\/index.php?rest_route=\/wp\/v2\/pages\/5820\/revisions"}],"predecessor-version":[{"id":6718,"href":"https:\/\/langwost.de\/index.php?rest_route=\/wp\/v2\/pages\/5820\/revisions\/6718"}],"wp:attachment":[{"href":"https:\/\/langwost.de\/index.php?rest_route=%2Fwp%2Fv2%2Fmedia&parent=5820"}],"curies":[{"name":"wp","href":"https:\/\/api.w.org\/{rel}","templated":true}]}}