{"id":5839,"date":"2015-06-22T15:28:10","date_gmt":"2015-06-22T13:28:10","guid":{"rendered":"http:\/\/langwost.de\/?page_id=5839"},"modified":"2016-11-10T12:13:10","modified_gmt":"2016-11-10T11:13:10","slug":"s9-weil-sie-anders-und-besser-sind","status":"publish","type":"page","link":"https:\/\/langwost.de\/?page_id=5839","title":{"rendered":"S9 &#8211; Weil Sie anders und besser sind!"},"content":{"rendered":"<p><b>Weil Sie anders und besser sind als andere!<br \/>\n<\/b>Sie sind sowieso anders als die anderen,<br \/>\ndann k\u00f6nnten Sie dies doch auch deutlicher zeigen!<\/p>\n<p><strong>Heben Sie sich doch einfach ab aus der grauen Masse!<\/strong><br \/>\nMut zur L\u00fccke. Mut zum neuen Design. Mut zur neuen Strategie!<br \/>\nFarbe bekennen \u2013 Farbe zeigen! Position beziehen und<br \/>\nProdukte und Leistung klar und deutlich pr\u00e4sentieren!<\/p>\n<p>So das es allen auff\u00e4llt! So das Sie gesehen werden! So das es gef\u00e4llt.<br \/>\nAber auch so, das Ihr Potential erkannt wird!<br \/>\n<strong>Das Ihre Ziele gesehen werden!<\/strong><br \/>\nSo das man weis von wem man spricht,<br \/>\nwenn es um Ihre Firma geht!<\/p>\n<p>Kreatives und aktives Handeln ist einfacher als Sie denken,<br \/>\ndenn es erfordert nur einen kleinen wenig Mut etwas neues zu zulassen.<br \/>\n<strong>Tun Sie dies, \u00fcberschreiten Sie Ihren Horizont,<br \/>\nverschaffen Sie sich neue Perspektiven!<\/strong><br \/>\nUnd schon k\u00f6nnen Sie mit den daraus gewonnen Erkenntnissen<br \/>\nzu v\u00f6llig neuen Zielen starten und emporsteigen!<\/p>\n<p><strong>Ver\u00e4nderung, Verbesserung und Mut zur L\u00fccke. Mut zur Marktl\u00fccke!<\/strong><\/p>\n<p>Betrachten Sie, nur mal so aus Spass, Ihre Unternehmung als Aussenstehender!<br \/>\nWerden Sie schizophren, nur f\u00fcr einen Moment!<br \/>\nRutschen Sie mal in eine v\u00f6llig andere Betrachtungsweise<br \/>\nim Blickfeld zu Ihrem Unternehmen.! Das ist total spannend!<\/p>\n<p>Keine Angst, das schizophrene ist nicht anhaltend,<br \/>\nsondern lediglich erstmal nur ein Augenblick,<br \/>\num Ihren v\u00f6llig neuen Betrachtungswinkel zu geniesen.<\/p>\n<p>Sie d\u00fcrfen dabei auch mit sich selbst sprechen, tut machmal gut,<br \/>\nwenigstens einer der einen versteht und zuh\u00f6rt.<br \/>\nWenn Sie dazu Anleitung ben\u00f6tigen,<br \/>\noder einen kompetenten Gespr\u00e4chspartner und Zuh\u00f6rer ben\u00f6tigen,<br \/>\nder dann diese Erkenntnisse mit Ihnen teilt,<br \/>\nsich mit Ihnen sich in ein brainstorming an Ideen begibt,<br \/>\nso das Sie unglaubliches dabei entdecken werden<br \/>\nund wir dann in der Lage sind, daraus ein neues Konzept zu formen,<br \/>\ndann sollten Sie gl\u00fccklich sein,<br \/>\neinen solche Partner an Ihrer Seite zu haben.<\/p>\n<p>Vison\u00e4res Denken, mit einen tuck Schizopfhrenie und Kreativi\u00e4t,<br \/>\nda kann doch nur was gutes bei heraus kommen!<\/p>\n<p><strong>Die Welt ist so verr\u00fcckt, Zeit es auch mal zu sein!<\/strong><\/p>\n<p>Wir freuen uns auf konstruktive Gespr\u00e4che, 0511\/9200 000.<\/p>\n","protected":false},"excerpt":{"rendered":"<p>Weil Sie anders und besser sind als andere! Sie sind sowieso anders als die anderen, dann k\u00f6nnten Sie dies doch [&hellip;]<\/p>\n","protected":false},"author":1,"featured_media":0,"parent":0,"menu_order":0,"comment_status":"closed","ping_status":"closed","template":"","meta":{"footnotes":"","_links_to":"","_links_to_target":""},"class_list":["post-5839","page","type-page","status-publish","hentry","no-featured-image"],"_links":{"self":[{"href":"https:\/\/langwost.de\/index.php?rest_route=\/wp\/v2\/pages\/5839"}],"collection":[{"href":"https:\/\/langwost.de\/index.php?rest_route=\/wp\/v2\/pages"}],"about":[{"href":"https:\/\/langwost.de\/index.php?rest_route=\/wp\/v2\/types\/page"}],"author":[{"embeddable":true,"href":"https:\/\/langwost.de\/index.php?rest_route=\/wp\/v2\/users\/1"}],"replies":[{"embeddable":true,"href":"https:\/\/langwost.de\/index.php?rest_route=%2Fwp%2Fv2%2Fcomments&post=5839"}],"version-history":[{"count":3,"href":"https:\/\/langwost.de\/index.php?rest_route=\/wp\/v2\/pages\/5839\/revisions"}],"predecessor-version":[{"id":6749,"href":"https:\/\/langwost.de\/index.php?rest_route=\/wp\/v2\/pages\/5839\/revisions\/6749"}],"wp:attachment":[{"href":"https:\/\/langwost.de\/index.php?rest_route=%2Fwp%2Fv2%2Fmedia&parent=5839"}],"curies":[{"name":"wp","href":"https:\/\/api.w.org\/{rel}","templated":true}]}}