{"id":5858,"date":"2015-06-22T15:51:33","date_gmt":"2015-06-22T13:51:33","guid":{"rendered":"http:\/\/langwost.de\/?page_id=5858"},"modified":"2016-11-10T17:13:33","modified_gmt":"2016-11-10T16:13:33","slug":"s15-deutschland-bekommt-ein-neues-netzwerk","status":"publish","type":"page","link":"https:\/\/langwost.de\/?page_id=5858","title":{"rendered":"S15 &#8211; Deutschland bekommt ein neues Netzwerk."},"content":{"rendered":"<p><strong>Nicht nur Gegenst\u00e4nde k\u00f6nnen Sie online kaufen.<\/strong><br \/>\nDie Zeit ist mehr als reif daf\u00fcr, das auch Dienstleistungs-knowhow<br \/>\nduchaus shopf\u00e4hig geworden ist. Das Argument ist ziemlich einfach:<\/p>\n<p><strong>Jeder Dienstleister ist k\u00e4uflich &#8211;<br \/>\nentscheident ist seine Leistung, sein Preis und <\/strong><strong>der Mehrwert, der f\u00fcr<br \/>\nden User, im Falle des Kaufes, daraus gezogen werden kann.<\/strong><\/p>\n<p><b>Deutschland bekommt ein suche-profi.de &#8211;<b> Netzwerk!<\/b><br \/>\n<\/b>Kleine Einleitung:<b><br \/>\n<\/b><strong>Wie kommt eigentlich ein v\u00f6llig neuer Auftrag zu Ihnen?<\/strong><br \/>\n&#8211; Fr\u00fcher hatten einige Firmen einen Aussendienst, die machten die Auftragsbeschaffung.<br \/>\n&#8211; Einige Firmen schalteten Anzeigen. Dann hies es abwarten, wer so anruft.<br \/>\n&#8211; Ein paar meinten, \u201eman kennt uns\u201c oder \u201ewir werden weiterempfohlen\u201c. Klingt gut.<br \/>\nOb\u2019s stimmt oder in der heutigen Zeit noch zutreffend ist, das sollte man mal hinterfragen.<\/p>\n<p><strong>Mittlerweile bestimmt<\/strong><br \/>\na) google und co, sowie<br \/>\nb) Ihre Eigeninitative<br \/>\nc) mit der hohen Kunst der Vernetzung wie erfolgreich<br \/>\nSie am Markt agieren.<br \/>\nOb Sie via Suchmaschinen gefunden werden, oder ob Sie mit Hilfe von<br \/>\nsocialMedia zeitintensive Kontakte zur zuk\u00fcnftigen Zielgruppe kn\u00fcpfen.<br \/>\n<strong>Sie m\u00fcssen die Entscheidungen treffen, die Ihrem Unternehmen<\/strong><br \/>\n<strong> die besten Erfolge und Auftragschancen verspricht.<\/strong><\/p>\n<p>Zudem gibt es zahlreiche Branchenb\u00fccher\/-Portale, bei denen Sie sich<br \/>\nunbedingt registrieren sollten.<br \/>\n<strong>Ganz einfach, je \u00f6fters Sie mit Ihrem Unternehmen im Internet erscheinen,<\/strong><br \/>\n<strong>desto h\u00f6her ist die Wahrscheinlichkeit, das Sie von anfragenden Kunden<\/strong><br \/>\n<strong>gefunden werden!<\/strong><\/p>\n<p>Zudem ist es in der heutigen Zeit extrem wichtig, das Sie Ihre Leistungen m\u00f6glichst<br \/>\nso aufbereitet, das ein Fremder diese einfach aufnehmen und verstehen kann und<br \/>\nim Idealfall, am Besten gleich via Warenkorbbestellung, das gew\u00fcnschte bei<br \/>\nIhnen in Order gibt. Das w\u00e4re am besten!<\/p>\n<p><strong>Genau daf\u00fcr haben wir suche-profi.de entwickelt!<\/strong><\/p>\n<p>Eine Plattform, in der Sie Ihre Leistungen vielf\u00e4ltig offerieren k\u00f6nnen.<br \/>\nEin Shop in Shop-System, f\u00fcr die Werbe- und Marketingbranche entwickelt,<br \/>\naber auch f\u00fcr jeden Dienstleister und alle Produkte nutzbar, sofern Sie die H\u00fcrde<br \/>\nnehmen, die zu verkaufenden Dinge als bestellbaren Artikel in Ihren<br \/>\neigenen dortigen Shop anzulegen.<\/p>\n<p>Beschreiben Sie Ihre Produkte und Leistungen so, das diese als<br \/>\nShopartikel f\u00fcr einen Interessenten einfach aufnehmbar und<br \/>\nbestellbar werden.<\/p>\n<p>\u00c4hnlich wie bei amazon, das einst als Buchhandel\/Versand agierte und<br \/>\nsich mittlerweile zum Allround-Anbieter gewandelt hat, so k\u00f6nnen Sie<br \/>\nunter suche-profi.de Leistungen und Produkte listen, zu erstaunlich<br \/>\nattraktiven Konditionen und mit minimalsten Aufwand!<\/p>\n<p><strong>Formatieren Sie Ihren eigenen Shop!<br \/>\nMit wenig Klicks k\u00f6nnen Sie blitzschnell <\/strong><strong>Ihr eigenes Shop-Portal<br \/>\nals Netzwerk im Onlinenetz bei suche-profi.de aufbauen.<\/strong><\/p>\n<p>Fangen Sie noch heute an \u00fcber Ihre Marketingstrategie und Ihre Leistungen<br \/>\nnachzudenken, wie Sie am besten einen Shop ausrichten k\u00f6nnen,<br \/>\ndenn die Zukunft des Vertriebs und Verkaufens wird sich sp\u00e4ter<br \/>\nzu 100% online abspielen!<\/p>\n<p>Kaufentscheidungen werden Online getroffen, Bestellung werden per mail<br \/>\n\u00fcbermittelt und Unternehmens- und Artikelpr\u00e4sentationen sind online<br \/>\nschon heute unverzichtbar geworden!<\/p>\n<p>Je eher Sie sich mit Ihrem zuk\u00fcnftigen und\/zus\u00e4tzlichen Online-Shop<br \/>\nbesch\u00e4ftigen, desto besser stehen Sie im Mitbewerb Ihren Kollegen gegen\u00fcber.<\/p>\n<p>Zus\u00e4tzlich zum<br \/>\n<a title=\"Ihr direkter Klick zum Shop.\" href=\"https:\/\/www.suche-profi.de\" target=\"_blank\"><strong>suche-profi.de<\/strong><\/a> Shop bieten wir unter<br \/>\n<a title=\"Ihr direkter Klick zu Ihrer neuen CMS-webseite.\" href=\"https:\/\/www.redax24.de\" target=\"_blank\"><strong>www.redax24.de<\/strong><\/a> web-Module an,<br \/>\nmit denen Sie einen schnellen Zugang zum<br \/>\na) Thema Online-Pr\u00e4sentation via wordpress bekommen und<br \/>\nb) zus\u00e4tzlich in Kombination mit dem woocommerce-Shop<br \/>\neine starke suchmaschinenfreundliche Webseite erhalten und<br \/>\nschnell und sicher Ihre eigenen Online-Seiten mit Shop bauen k\u00f6nnen.<\/p>\n<p>\u00dcber Ihr Unternehmen wird vom Betrachter ein Bildniss angefertigt der<br \/>\nIhre Firma und das know how nach dem design Ihres webauftrittes<br \/>\nbegutachtet und<br \/>\n&#8211; als gelungen und kompentent oder<br \/>\n&#8211; als st\u00fcmperhaft und langweilig bezeichnet.<\/p>\n<p><strong>Sie entscheiden in der heutigen Zeit online dar\u00fcber,<\/strong><br \/>\n<strong> wie Ihr Unternehmen gesehen wird.<\/strong><\/p>\n<p>Die Suchmaschinen entscheiden online dar\u00fcber,<br \/>\nwie Ihr Unternehmen gefunden wird.<\/p>\n<p>Sie sollten daher jede Chance nutzen, sich m\u00f6glichst als Profi zu<br \/>\npositionen, so, das wenn Ihre Kundengruppe online einen Profi sucht,<br \/>\nSie auch entsprechend gefunden werden!<\/p>\n<p>Im suche-profi.de Portal bieten wir Ihnen beide L\u00f6sung als Kombination an.<b><br \/>\na) Sie k\u00f6nnen Ihren eigenen Online-Shop aufbauen.<br \/>\nb) Sie werden unter der Rubrik suche-profi gleich richtig gelistet.<\/b><\/p>\n<p>Machen Sie sich zuk\u00fcnftig unabh\u00e4ngiger von Ausschreibungen und<br \/>\nMitbewerbsvergleichen.<br \/>\nSie werden sich nicht davor verschliessen k\u00f6nnen, aber Sie k\u00f6nnen<br \/>\nsich besser aufstellen als Ihre Mitbewerber.<\/p>\n<p><strong>Das schlimmste was es f\u00fcr Anbieter\/Unternehmen sowieso gibt,<\/strong><br \/>\n<strong> sind Ausschreibungen.<\/strong><br \/>\nDie Ausschreibungen von manchen Firmen werden immer dreister.<br \/>\nDiese treiben es bis zum Perfektionismus auf die Spitze, um Ihnen auch<br \/>\nnoch den letzten Cent bei der Angebotskalkualtion abzunehmen.<\/p>\n<p>Fr\u00fcher wurden 2 oder 3 Angebote eingeholt, ok, damit konnte man als<br \/>\nAnbieter leben und es wurde damals auch noch einiger ma\u00dfen fair verglichen.<\/p>\n<p><strong>Mittlerweile ist es gang und gebe, regelrechte Ausschreibungmitbewerbe<\/strong><br \/>\n<strong> zu machen, wo der D\u00fcmmste und der billigste Anbieter gefunden werden soll.<\/strong><br \/>\n<strong> Ein noch schlimmere Erniedrigung f\u00fcr leistungsf\u00e4hige Firmen kann es nicht<br \/>\ngeben, <\/strong><strong>wenn man sich allen ernstes an solch Ausschreibungen beteiligen soll.<\/strong><\/p>\n<p>Einerseits wird kompetente Fachleistung erwartet, andernfalls werden<br \/>\ndiese Leistunge mit irgendwelchen HottenTotten-Anbietern verglichen,<br \/>\nan denen man sich dann preislich messen soll.<\/p>\n<p>Die Kr\u00f6nung dieser Massenverdummung von Anbietern ist,<br \/>\ndas man sich auf sogenannten Einkaufsportalen anmelden soll, wom\u00f6glich<br \/>\nnoch einen x oder y Betrag f\u00fcr die Ausschreibungsunterlagen bezahlt,<br \/>\num \u00fcberhaupt an eine dumping-Preis-Ausschreibung zu kommen<br \/>\nbzw. daran teilnehmen zu d\u00fcrfen.<\/p>\n<p>Tats\u00e4chlich gibt\u2019s Firmen\/Anbieter, die irrt\u00fcmlich glauben,<br \/>\ndort einen Auftrag erhalten zu k\u00f6nnen, womit sie einigerma\u00dfen<br \/>\nunternehmensgerecht ihren Jahressoll mit erf\u00fcllen k\u00f6nnen.<br \/>\nWeit gefehlt! <strong>Das wird nicht klappen!<\/strong><\/p>\n<p>Ok, das m\u00f6ge ja vereinzelt m\u00f6glich sein, aber ein Gro\u00dfteil dieser Ausschreibungen sind meisterhafte Knebelwerke, denn wenn Sie sich erstmal durch die<br \/>\n&#8211; 20-, 30- oder gar 100-seitigen Gesch\u00e4ftsbedingungen durchgewusselt haben<br \/>\n&#8211; dann auch noch zur Strafe als billigster Anbieter den Auftrag annehmen d\u00fcrfen,<br \/>\n&#8211; um dann final bei Endabnahme der m\u00fchsam erbrachten Leistung<br \/>\n&#8211; nochmals Preisnachl\u00e4sse gewehren m\u00fcssen,<br \/>\n&#8211; damit Ihre Arbeit wenigstens zu einem Bruchteil bezahlt wird,<br \/>\nsp\u00e4testens dann werden Sie erkennen, das diese Gesch\u00e4ft nur f\u00fcr einen<br \/>\nein gutes Gesch\u00e4ft war. N\u00e4mlich f\u00fcr Ihren Auftraggeber!<\/p>\n<p>Nachschlag f\u00fcr Mehrleistung wurde in den 100-seitigen Pampfled der<br \/>\nGesch\u00e4ftsbedingung von vornerein ausgeschlossen, da ja der Anbieter zur<br \/>\nKomplettlieferung seines Angebotes gezwungen wird, was die Akzeptanz und<br \/>\nEinhaltung der separaten kleingedruckten Gesch\u00e4ftsbedingungen des<br \/>\nEink\u00e4ufers nach sich zieht. Da wird Ihre Kalkulation niemals aufgehen!<br \/>\nNa dann Prost!<\/p>\n<p>Niemand will sich mit dem vom Einkauf festgesetzten Ausschreibung<br \/>\nvergleichen und im Preis so derma\u00dfen dr\u00fccken lassen,<br \/>\nbis zum Schluss von der eigentlich erhofften Marge nichts mehr \u00fcbrig bleibt.<br \/>\nIch denke jeder, der schon mal an Ausschreibungen beteiligt war wird<br \/>\nden obigen Zeilen bedenkenlos zustimmen.<\/p>\n<p>Das ein fairer Einkaufsvergleich stattfinden soll sei nachvollziehbar,<br \/>\naber ein Regelwerk zum Aufsuchen des d\u00fcmmsten Anbieteres,<br \/>\nder dann kaufm\u00e4nnisch zur Schlachtbank gef\u00fchrt wird, &#8211; nichts anderes<br \/>\nsind einige der Ausschreibungen heute -\u00fcbersteigt die Etik des ordentlichen<br \/>\nKaufmannes um ein wesentliches,<br \/>\nund kann eigentlich von niemanden so hingenommen werden.<\/p>\n<p>R\u00fcsten Sie auf, jeder Schritt den Sie heute in Richtung zum eigenen Shop<br \/>\nmachen ist der richtige ! :<br \/>\nLegen Sie sich am Besten schon ab Mai 2017<br \/>\n&#8211; einen suche-profi.de-Shop zu und zus\u00e4tzlich!<br \/>\n&#8211; einen weiteren shop mit Division zu. (siehe z.B.: <a href=\"https:\/\/www.redax24.de\">www.redax24.de<\/a>)<br \/>\nund bringen alle Ihre Leistungen transparent und bestellbar online.<br \/>\nDann sind Sie in wenigen Jahren bestens ger\u00fcstet,<br \/>\num im Online-Mitbewerb mitzuhalten und sich an<br \/>\nWettbewerbs-Ausschreibungswettk\u00e4mpfen nicht beteiligen zu m\u00fcssen.<\/p>\n<p>Nichts anderes machen die erfolgreichen Online-Shops heute.<br \/>\n<strong>Das was die k\u00f6nnen, k\u00f6nnen Sie auch!<\/strong><br \/>\n<strong> Wir zeigen Ihnen wie es geht!<\/strong><\/p>\n<p>Ich habe noch niemals davon geh\u00f6rt, das sich<br \/>\nz.B. amazon.de an eine Ausschreibung beteiligt hat.<br \/>\nDie Amazon-Leute w\u00fcrden jeden einen Vogel zeigen,<br \/>\nder dies erwarten w\u00fcrde.<\/p>\n<p>&nbsp;<\/p>\n","protected":false},"excerpt":{"rendered":"<p>Nicht nur Gegenst\u00e4nde k\u00f6nnen Sie online kaufen. Die Zeit ist mehr als reif daf\u00fcr, das auch Dienstleistungs-knowhow duchaus shopf\u00e4hig geworden [&hellip;]<\/p>\n","protected":false},"author":1,"featured_media":0,"parent":0,"menu_order":0,"comment_status":"closed","ping_status":"closed","template":"","meta":{"footnotes":"","_links_to":"","_links_to_target":""},"class_list":["post-5858","page","type-page","status-publish","hentry","no-featured-image"],"_links":{"self":[{"href":"https:\/\/langwost.de\/index.php?rest_route=\/wp\/v2\/pages\/5858"}],"collection":[{"href":"https:\/\/langwost.de\/index.php?rest_route=\/wp\/v2\/pages"}],"about":[{"href":"https:\/\/langwost.de\/index.php?rest_route=\/wp\/v2\/types\/page"}],"author":[{"embeddable":true,"href":"https:\/\/langwost.de\/index.php?rest_route=\/wp\/v2\/users\/1"}],"replies":[{"embeddable":true,"href":"https:\/\/langwost.de\/index.php?rest_route=%2Fwp%2Fv2%2Fcomments&post=5858"}],"version-history":[{"count":17,"href":"https:\/\/langwost.de\/index.php?rest_route=\/wp\/v2\/pages\/5858\/revisions"}],"predecessor-version":[{"id":6814,"href":"https:\/\/langwost.de\/index.php?rest_route=\/wp\/v2\/pages\/5858\/revisions\/6814"}],"wp:attachment":[{"href":"https:\/\/langwost.de\/index.php?rest_route=%2Fwp%2Fv2%2Fmedia&parent=5858"}],"curies":[{"name":"wp","href":"https:\/\/api.w.org\/{rel}","templated":true}]}}