{"id":6494,"date":"2016-10-06T14:35:49","date_gmt":"2016-10-06T12:35:49","guid":{"rendered":"http:\/\/langwost.de\/?page_id=6494"},"modified":"2016-10-06T14:36:47","modified_gmt":"2016-10-06T12:36:47","slug":"alle-preise-bei-shopy24","status":"publish","type":"page","link":"https:\/\/langwost.de\/?page_id=6494","title":{"rendered":"Alle Preise bei shopy24"},"content":{"rendered":"<div>\n<div>\n<p><strong>Unglaublich \u2013 aber wahr!<br \/>\n<a title=\"Alle Divisionen geb\u00fcndelt auf einem Blick.\" href=\"https:\/\/www.shopy24.de\" target=\"_blank\">Shopy24.de<\/a><br \/>\n<\/strong>Interessenten, Kunden, Partner- und Divisionsagenturen\u00a0informiert shopy24<br \/>\nschnell und einfach \u00fcber professionelle Werbeleistungen.<strong><br \/>\n<\/strong>Qu\u00e4lende Fragen plagen Sie! Wo bekomm ich dies her, was kostet jenes?<br \/>\nBis Sie manchmal eine Antwort bekommen kann es dauern.<br \/>\n<strong>Nicht bei shopy24! Da bekommen Sie sofort Ergebnisse!<br \/>\n<\/strong>Sie verplempern beim Suchen wertvolle Zeit Ihres Lebens, wie sch\u00f6n w\u00e4re es,<br \/>\nwenn\u00a0es endlich mal einen \u00dcberblick online geben w\u00fcrde,<br \/>\nwas so Werbeleistungen eigentlich kosten!<br \/>\n<strong>shopy24.de bietet \u00dcberblick und verschafft den Durchblick!<\/strong><\/p>\n<p><strong>Wer steckt hinter\u00a0<a title=\"Eine Online-\u00dcbersicht aller Divisionen.\" href=\"https:\/\/www.shopy24.de\" target=\"_blank\">shopy24.de<\/a>?<br \/>\n<\/strong>Seit \u00fcber 32 Jahren, mit Erfahrung im WerbeFullService, hat die<br \/>\n<a href=\"https:\/\/www.idee-produktion.de\" target=\"_blank\">IP<\/a>-Unternehmensgruppe\u00a0\u00a0alle werbetechnischen Produktionsbereiche<br \/>\nin Abteilungen, sogenannten Divisionen aufgeteilt, die bundesweit vertreten sind<br \/>\nund zus\u00e4tzlich unter dem\u00a0<a title=\"Eine Online-\u00dcbersicht aller Divisionen.\" href=\"https:\/\/www.shopy24.de\" target=\"_blank\"><strong>Online-Shop Shopy24.de<\/strong><\/a>\u00a0geb\u00fcndelt bereit stehen.<\/p>\n<\/div>\n<div>\n<p><strong>Die Divisionen sind online und auch real in Ihrer N\u00e4he:<\/strong><br \/>\n<strong>Sie suchen komplette, creativ- und technische Werbeleistungen<br \/>\naus einer Hand?<br \/>\n<\/strong>Dann sind Sie hier genau richtig!<br \/>\nAls FullService-Anbieter k\u00f6nnen unsere Divisionagenturen\u00a0nahezu alle<br \/>\nFachbereiche abdecken und mit eigener Produktion erstaunlich schnell und<br \/>\nkostenbewusst realisieren.<br \/>\nBei den Divisionen erwarten Sie:<br \/>\n\u2013 interessante Konzepte<br \/>\n\u2013 qualifizierte Fachberatung<br \/>\n\u2013 Topp-Gestaltung \/ Design und neue Verkaufsideen<br \/>\n\u2013 technische L\u00f6sungen, rund\u00a0um die Themen:<br \/>\n<strong>Professionell beraten \u2013 perfekt designen \u2013 creativ pr\u00e4sentieren \u2013<br \/>\nindividuell werben \u2013 visuell verpacken \u2013 technisch produzieren \u2013<br \/>\nfachgerecht montieren, individuell programmieren \u2013 erfolgreich vermarkten!<\/strong><br \/>\nAlle Produkte und Dienstleistungen sind bei den Divisionen genau beschrieben<br \/>\nund werden modular an Ihre W\u00fcnsche angepasst.<br \/>\nAlle\u00a0online-Basispreise sind sehr knapp f\u00fcr den Direkt- und Wiederverkauf<br \/>\nkalkuliert, incl. aller ben\u00f6tigten Leistungen \u2013 keine versteckten Kosten!<\/p>\n<p><strong>Der Einkauf ist einfach.<br \/>\n<\/strong>Sie stellen sich Ihr individuelles Werbepaket f\u00fcr sich oder Ihren Kunden<br \/>\nselber zusammen und buchen es direkt, schon bekommen Sie von der Division<br \/>\ndie gew\u00fcnschte Leistung.<\/p>\n<p>Es gibt nat\u00fcrlich auch Sonderl\u00f6sungen, die wir Ihnen individuell anbieten k\u00f6nnen.<br \/>\nSolche Jobs, Aufgaben, Projekte werden von der Division erarbeitet.<br \/>\nAuch daf\u00fcr haben wir Dienstleistungpakete in der Rubrik<br \/>\n\u201c<strong>Projektierung<\/strong>\u201d im Angebot.<\/p>\n<p><strong>Online-Beratung? Wie geht das? Ganz einfach!:<br \/>\n<\/strong>Unter der Rubrik \u00a0<strong><a title=\"Ihr Fachpersonal einfach buchen.\" href=\"https:\/\/www.ihrewerbeabteilung.de\/\" target=\"_blank\">ihrewerbeabteilung.de<\/a><\/strong>\u00a0\u00a0haben wir Profis f\u00fcr die<br \/>\njeweiligen Fachbereich die Sie ab Sommer 2017 betreuen. Zus\u00e4tzlich<br \/>\nhaben wir alle Dienstleistungen\u00a0komplett in Kategorien zusammengestellt.<br \/>\nBundesweit beraten in den allen Divisionen qualifizierte Profis,<br \/>\nauch bei Ihnen vor Ort!<\/p>\n<p><strong>Sie planen eine komplexe Werbema\u00dfnahme und m\u00f6chten<br \/>\neine Intensiv-Beratung oder einen VorOrtTermin mit<br \/>\nganzheitlichen FullService?<\/strong><br \/>\nGenau darauf sind unsere Profis spezialisiert! Fragen Sie an!<\/p>\n<p>Zus\u00e4tzlich geht ab 2018 unser digitaler Profi<strong><a title=\"Der digitale Beratungs-Scout.\" href=\"https:\/\/www.prof-q.de\" target=\"_blank\"> Prof-Q\u00a0<\/a><\/strong>\u00a0an den Start<br \/>\nund ber\u00e4t Sie gern!<br \/>\n24\/7 \u2013 Hotline \u00a00511\/9200 000, oder per mail\u00a0<strong><a title=\"Der direkte Kontakt zu shopy24.de.\" href=\"mailto:info@shopy24.de\" target=\"_blank\">info@shopy24.de<\/a><\/strong>.<\/p>\n<\/div>\n<p><b>\u00a0<\/b><\/p>\n<\/div>\n","protected":false},"excerpt":{"rendered":"<p>Unglaublich \u2013 aber wahr! Shopy24.de Interessenten, Kunden, Partner- und Divisionsagenturen\u00a0informiert shopy24 schnell und einfach \u00fcber professionelle Werbeleistungen. Qu\u00e4lende Fragen plagen [&hellip;]<\/p>\n","protected":false},"author":1,"featured_media":0,"parent":0,"menu_order":0,"comment_status":"closed","ping_status":"closed","template":"","meta":{"footnotes":"","_links_to":"","_links_to_target":""},"class_list":["post-6494","page","type-page","status-publish","hentry","no-featured-image"],"_links":{"self":[{"href":"https:\/\/langwost.de\/index.php?rest_route=\/wp\/v2\/pages\/6494"}],"collection":[{"href":"https:\/\/langwost.de\/index.php?rest_route=\/wp\/v2\/pages"}],"about":[{"href":"https:\/\/langwost.de\/index.php?rest_route=\/wp\/v2\/types\/page"}],"author":[{"embeddable":true,"href":"https:\/\/langwost.de\/index.php?rest_route=\/wp\/v2\/users\/1"}],"replies":[{"embeddable":true,"href":"https:\/\/langwost.de\/index.php?rest_route=%2Fwp%2Fv2%2Fcomments&post=6494"}],"version-history":[{"count":2,"href":"https:\/\/langwost.de\/index.php?rest_route=\/wp\/v2\/pages\/6494\/revisions"}],"predecessor-version":[{"id":6496,"href":"https:\/\/langwost.de\/index.php?rest_route=\/wp\/v2\/pages\/6494\/revisions\/6496"}],"wp:attachment":[{"href":"https:\/\/langwost.de\/index.php?rest_route=%2Fwp%2Fv2%2Fmedia&parent=6494"}],"curies":[{"name":"wp","href":"https:\/\/api.w.org\/{rel}","templated":true}]}}