{"id":6865,"date":"2017-08-11T08:43:50","date_gmt":"2017-08-11T06:43:50","guid":{"rendered":"http:\/\/langwost.de\/?page_id=6865"},"modified":"2019-10-22T15:34:49","modified_gmt":"2019-10-22T13:34:49","slug":"hilfefaq","status":"publish","type":"page","link":"https:\/\/langwost.de\/?page_id=6865","title":{"rendered":"Hilfe?\/FAQ"},"content":{"rendered":"<h3>Was machen wir?<\/h3>\n<ul>\n<li>Wir helfen Ihnen, Ihre gesch\u00e4ftlichen Ideen in die Tat umzusetzen und beraten Sie dabei, was die beste Vorgehensweise f\u00fcr Sie w\u00e4hre.<\/li>\n<li>Wir unterst\u00fctzen Sie bei Ihrer Ideensuche und helfen Ihnen, bereits existierende Ideen und Konzepte zu verbessern, damit am Ende das bestm\u00f6gliche Ergebnis f\u00fcr Sie dabei raus kommt.<\/li>\n<li>Wir finden f\u00fcr Sie den besten Weg, um Ihre Idee effektiv zu vermarkten, damit Sie am Ende aus Ihrer Idee auch profitieren.<\/li>\n<\/ul>\n<p>____________________________________________________________________________________________<\/p>\n<h3>Was bieten wir an?<\/h3>\n<ul>\n<li>Wir bieten alle m\u00f6glichen Formen der Werbung und Unternehmensberatung an.<\/li>\n<li>Ob Corporate Design, Internetauftritt, neue Ziele und Orientierungen oder einfacheres Verkaufen. Wir k\u00f6nnen Ihnen helfen!<\/li>\n<\/ul>\n<p>____________________________________________________________________________________________<\/p>\n<h3>Was sind die Divisionen?<\/h3>\n<ul>\n<li>Die Divisionen sind einzelne Bereiche aus der Werbebranche, in denen Sie gezielt Ihre Produkte an Firmenkunden verkaufen k\u00f6nnen, die genau Ihr Produkt ben\u00f6tigen.<\/li>\n<li>Egal ob Bauschild, Werbeturm oder einfache Handzettelverteilung. Es gibt f\u00fcr alles eine Division!<\/li>\n<\/ul>\n<p>____________________________________________________________________________________________<\/p>\n","protected":false},"excerpt":{"rendered":"<p>Was machen wir? Wir helfen Ihnen, Ihre gesch\u00e4ftlichen Ideen in die Tat umzusetzen und beraten Sie dabei, was die beste [&hellip;]<\/p>\n","protected":false},"author":1,"featured_media":0,"parent":0,"menu_order":0,"comment_status":"closed","ping_status":"closed","template":"page-fullwidth.php","meta":{"footnotes":"","_links_to":"","_links_to_target":""},"class_list":["post-6865","page","type-page","status-publish","hentry","no-featured-image"],"_links":{"self":[{"href":"https:\/\/langwost.de\/index.php?rest_route=\/wp\/v2\/pages\/6865"}],"collection":[{"href":"https:\/\/langwost.de\/index.php?rest_route=\/wp\/v2\/pages"}],"about":[{"href":"https:\/\/langwost.de\/index.php?rest_route=\/wp\/v2\/types\/page"}],"author":[{"embeddable":true,"href":"https:\/\/langwost.de\/index.php?rest_route=\/wp\/v2\/users\/1"}],"replies":[{"embeddable":true,"href":"https:\/\/langwost.de\/index.php?rest_route=%2Fwp%2Fv2%2Fcomments&post=6865"}],"version-history":[{"count":3,"href":"https:\/\/langwost.de\/index.php?rest_route=\/wp\/v2\/pages\/6865\/revisions"}],"predecessor-version":[{"id":6880,"href":"https:\/\/langwost.de\/index.php?rest_route=\/wp\/v2\/pages\/6865\/revisions\/6880"}],"wp:attachment":[{"href":"https:\/\/langwost.de\/index.php?rest_route=%2Fwp%2Fv2%2Fmedia&parent=6865"}],"curies":[{"name":"wp","href":"https:\/\/api.w.org\/{rel}","templated":true}]}}