{"id":6062,"date":"2015-09-04T10:46:56","date_gmt":"2015-09-04T08:46:56","guid":{"rendered":"http:\/\/langwost.de\/?post_type=product&#038;p=6062"},"modified":"2022-03-01T09:32:45","modified_gmt":"2022-03-01T08:32:45","slug":"p3-detail-projektierung-phase2-technische-vorplanung","status":"publish","type":"product","link":"https:\/\/langwost.de\/?product=p3-detail-projektierung-phase2-technische-vorplanung","title":{"rendered":"P3: Detail-Projektierung Phase2 Technische Vorplanung"},"content":{"rendered":"<p>Technische Planungen k\u00f6nnen ganz unterschiedlich sein.<br \/>\n<strong>Citmax bietet erg\u00e4nzende Projektierungsmodule an, die Sie individuell zusammenstellen k\u00f6nnen.<\/strong><\/p>\n<p>Bei der Auswahl und Festlegung der Ma\u00dfnahmen unterst\u00fctzt Sie Ihr Projektprofis von der Vorbesprechung mit Fachberatung und Support am Telefon oder bei Ihnen vor Ort,\u00a0dem ausf\u00fchrlichen Bearbeiten aller Projektdetails wie z.B. Anfordern der Liegenschaftskarte f\u00fcr Aussenwerbema\u00dfnahmen, Abstimmung der statischen Berechnungen mit Bestellung des StatikProfi und der Koordination \/ Bauleitung mit Job-Controlling der Produktionsma\u00dfnahmen und Projektrealiserung\u00a0bis hin zur Montage.<br \/>\n<strong>Sie buchen Ihren ProjektProfi und er handelt und l\u00f6st mit Ihnen abgestimmt alle mit dem Projekt anstehenden und anfallenden Aufgabenstellungen,<\/strong><\/p>\n","protected":false},"excerpt":{"rendered":"<p>Detail-Projektierung Phase2, technische Vorplanung<br \/>\nnach Auswahl und Zusammenstellung.<strong><br \/>\nW\u00e4hlen Sie: schwarzes Auswahlfeld anklicken,<\/strong><br \/>\n<strong>Auswahl nach und nach in den Warenkorb packen.<\/strong><\/p>\n","protected":false},"featured_media":6116,"comment_status":"closed","ping_status":"closed","template":"","meta":{"_links_to":"","_links_to_target":""},"product_cat":[1140],"product_tag":[],"class_list":{"0":"post-6062","1":"product","2":"type-product","3":"status-publish","4":"has-post-thumbnail","6":"product_cat-projekt-start-module","7":"pa_p3-detail-projekt2-aufpreis-fuer-projektscout-fachberatung-vor-ort-mit-intensiver-durchsprache-pro-weitere-stunde-5900-e","8":"pa_p3-detail-projekt2-beratungbesichtigung-vor-ort-von-projektscout-anfahrt-und-details-festlegen-bis-12-std-vor-ort-bis-25-km-von-division-7900-e","9":"pa_p3-detail-projekt2-beratungbesichtigung-vor-ort-von-projektscout-erweiterte-anfahrt-und-details-festlegen-bis-12-std-vor-ort-von-26-bis-50-km-von-division-11900-e","10":"pa_p3-detail-projekt2-postversand-dokumente-als-einschreiben-national-incl-verpackung-pauschal-je-1900-e","11":"pa_p3-detail-projekt2-statische-berechnung-basic1-werbeanlagen-bis-60qm-bausumme-bis-3-00000-e-pauschal-29000-e","12":"pa_p3-detail-projekt2-zusenden-bauantragsformular-blanko-1900-e","13":"pa_p3-detail-projekt2-anforderung-lageplan-national-auszug-aus-der-liegenschaftskarte-pauschal-4900-e","14":"pa_p3-detail-projekt2-anforderung-bauunterlagen-international-erste-klaerung-der-auflagen-z-b-lageplan-pauschal-24400-e","15":"pa_p3-detail-projekt2-bauantrags-vorbesprechung-projektbetreuung-basic-ab-16900-e","16":"pa_p3-detail-projekt2-bauantragsstellung-basic1-zeichnung-lageplan-einreichung-projekte-bis-1-500-e-ohne-gebuehren-25000-e-2","17":"pa_p3-detail-projekt2-bauantragsstellung-basic2-zeichnung-lageplan-einreichung-projekte-bis-6-000-e-ohne-gebuehren-35000-e-2","18":"pa_p3-detail-projekt2-bauantragsstellung-basic3-zeichnung-lageplan-einreichung-projekte-bis-30-000-e-ohne-gebuehren-65000-e-2","19":"pa_p3-detail-projekt2-bauantragsstellung-basic4-zeichnung-lageplan-einreichung-projekte-bis-200-000-e-ohne-gebuehren-1-30000-e-2","20":"pa_p3-detail-projekt2-statische-berechnung-basic2-werbeanlagen-61-bis-120qm-bausumme-bis-6-00000-e-pauschal-44000-e","21":"pa_p3-detail-projekt2-statische-berechnung-basic3-werbeanlagen-121-bis-300qm-bausumme-bis-30-00000-e-pauschal-89000-e","22":"pa_p3-detail-projekt2-statische-berechnung-nach-projektierungs-voranschlag-gross-werbeanlagen-bausumme-ab-30-tsd-e-pro-std-9000-e","24":"first","25":"instock","26":"taxable","27":"shipping-taxable","28":"purchasable","29":"product-type-variable","30":"has-default-attributes","31":"has-featured-image","32":"square"},"_links":{"self":[{"href":"https:\/\/langwost.de\/index.php?rest_route=\/wp\/v2\/product\/6062"}],"collection":[{"href":"https:\/\/langwost.de\/index.php?rest_route=\/wp\/v2\/product"}],"about":[{"href":"https:\/\/langwost.de\/index.php?rest_route=\/wp\/v2\/types\/product"}],"replies":[{"embeddable":true,"href":"https:\/\/langwost.de\/index.php?rest_route=%2Fwp%2Fv2%2Fcomments&post=6062"}],"wp:featuredmedia":[{"embeddable":true,"href":"https:\/\/langwost.de\/index.php?rest_route=\/wp\/v2\/media\/6116"}],"wp:attachment":[{"href":"https:\/\/langwost.de\/index.php?rest_route=%2Fwp%2Fv2%2Fmedia&parent=6062"}],"wp:term":[{"taxonomy":"product_cat","embeddable":true,"href":"https:\/\/langwost.de\/index.php?rest_route=%2Fwp%2Fv2%2Fproduct_cat&post=6062"},{"taxonomy":"product_tag","embeddable":true,"href":"https:\/\/langwost.de\/index.php?rest_route=%2Fwp%2Fv2%2Fproduct_tag&post=6062"}],"curies":[{"name":"wp","href":"https:\/\/api.w.org\/{rel}","templated":true}]}}