{"id":6325,"date":"2015-09-04T14:10:42","date_gmt":"2015-09-04T12:10:42","guid":{"rendered":"http:\/\/langwost.de\/?post_type=product&#038;p=6325"},"modified":"2019-11-05T09:37:18","modified_gmt":"2019-11-05T08:37:18","slug":"p24-expresskosten-eilzuschlaege-nachtarbeit-2","status":"publish","type":"product","link":"https:\/\/langwost.de\/?product=p24-expresskosten-eilzuschlaege-nachtarbeit-2","title":{"rendered":"P24: Expresskosten, Eilzuschl\u00e4ge, Nachtarbeit"},"content":{"rendered":"<p><strong>Ganz schnell? Von heute auf morgen? Im Eilverfahren? Warum nicht!!<\/strong><br \/>\nBei Citmax finden Sie hochmotivierte Dienstleister und Produktioner die auch ungew\u00f6hnliche Terminw\u00fcnsche realisieren.<br \/>\nEntsprechend dem Auftrag und den dazu notwendigen, technischen M\u00f6glichkeiten k\u00f6nnen Sie hier das Personal nicht nur f\u00fcr den normalen Tagesdienst, sondern auch f\u00fcr die gew\u00fcnschte \u00dcberstunden und Nachtschichten zu Pauschalbetr\u00e4gen dazu buchen. Sie entscheiden \u00fcber den Termin und den notwendigen m\u00f6glichen Aufwand &#8211; Citmax steht parat und realisiert.<br \/>\n<strong>Kontaktieren Sie Ihren Citmax-Profi und legen Sie alle Job- und Terminprozesse fest.<\/strong><br \/>\nNach Pr\u00fcfung der Realisierbarkeit wird das notwendige Zeitkontingent zum Job einfach von Ihnen dazu gebucht, so das Ihr Terminwunsch gem\u00e4\u00df Abstimmung erreicht werden kann.<br \/>\nIhr Citmax-Profi ist dann sofort 24\/7 f\u00fcr Sie mobil erreichbar, so das Sie zu jeder Tag\/Nachzeit den<br \/>\nBearbeitungsstand und Fortgang abfragen k\u00f6nnen und stets informiert sind.<br \/>\nSollten Sie zus\u00e4tzliche Eilbearbeitung w\u00fcnschen, kann das Express-Realisierungskonzept mit dem Citmax-Profi \u00a0selbstverst\u00e4ndlich neu abgeglichen werden.<\/p>\n","protected":false},"excerpt":{"rendered":"<p>Eilzustellung, Expressversand, \u00dcberstunden und Nachtpauschalen nach Wahl.<strong><br \/>\nW\u00e4hlen Sie: schwarzes Auswahlfeld anklicken,<\/strong><br \/>\n<strong>Auswahl nach und nach in den Warenkorb packen.<\/strong><\/p>\n","protected":false},"featured_media":6342,"comment_status":"closed","ping_status":"closed","template":"","meta":{"_links_to":"","_links_to_target":""},"product_cat":[1142],"product_tag":[],"class_list":{"0":"post-6325","1":"product","2":"type-product","3":"status-publish","4":"has-post-thumbnail","6":"product_cat-technische-kosten","7":"pa_p24-expresskosten-eilversand-zuschlag-bis-10-kg-bundesweit-zustellung-1-2-tage-aufpreis-1800-e","8":"pa_p24-expresskosten-eilversand-zuschlag-bis-20-kg-bundesweit-zustellung-1-2-tage-aufpreis-3400-e","9":"pa_p24-expresskosten-eilversand-zuschlag-bis-5-kg-bundesweit-zustellung-1-2-tage-aufpreis-1200-e","10":"pa_p24-expresskosten-eilversand-zuschlag-bis-5-kg-bundesweit-zustellung-2-3-tage-aufpreis-1200-e","11":"pa_p24-expresskosten-eilversand-zuschlag-bis-10-kg-bundesweit-zustellung-2-3-tage-aufpreis-1800-e","12":"pa_p24-expresskosten-eilversand-zuschlag-bis-20-kg-bundesweit-zustellung-2-3-tage-aufpreis-3400-e","13":"pa_p24-expresskosten-expressversand-zuschlag-bis-5-kg-bundesweit-zustellung-1-tage-aufpreis-3200-e","14":"pa_p24-expresskosten-expressversand-zuschlag-bis-10-kg-bundesweit-zustellung-1-tage-aufpreis-4800-e","15":"pa_p24-expresskosten-expressversand-zuschlag-bis-20-kg-bundesweit-zustellung-1-tage-aufpreis-8400-e","16":"pa_p24-expresskosten-zulage-fuer-eilauftrag-arbeiten-bis-20-00-uhr-durchfuehren-auftragssumme-bis-50000-e-eilpauschale-5000-e","17":"pa_p24-expresskosten-zulage-fuer-eilauftrag-arbeiten-18-00-bis-24-00-uhr-durchfuehren-auftragssumme-bis-50000-e-eilpauschale-10000-e","18":"pa_p24-expresskosten-zulage-fuer-eilauftrag-arbeiten-in-nachtschicht-18-00-bis-6-00-uhr-durchfuehren-auftragssumme-bis-50000-e-eilpauschale-15000-e","19":"pa_p24-expresskosten-zulage-fuer-eilauftrag-arbeiten-bis-20-00-uhr-durchfuehren-auftragssumme-50100-bis-2-00000-e-eilpauschale-15000-e","20":"pa_p24-expresskosten-zulage-fuer-eilauftrag-arbeiten-18-00-bis-24-00-uhr-durchfuehren-auftragssumme-50100-bis-2-00000-e-eilpauschale-30000-e","21":"pa_p24-expresskosten-zulage-fuer-eilauftrag-arbeiten-in-nachtschicht-18-00-bis-6-00-uhr-durchfuehren-auftragssumme-50100-bis-2-00000-e-eilpauschale-60000-e","22":"pa_p24-expresskosten-zulage-fuer-eilauftrag-arbeiten-bis-20-00-uhr-durchfuehren-auftragssumme-2-00100-bis-5-00000-e-eilpauschale-30000-e","23":"pa_p24-expresskosten-zulage-fuer-eilauftrag-arbeiten-18-00-bis-24-00-uhr-durchfuehren-auftragssumme-2-00100-bis-5-00000-e-eilpauschale-80000-e","24":"pa_p24-expresskosten-zulage-fuer-eilauftrag-arbeiten-in-nachtschicht-18-00-bis-6-00-uhr-durchfuehren-auftragssumme-2-00100-bis-5-00000-e-eilpauschale-1-20000-e","26":"first","27":"instock","28":"taxable","29":"shipping-taxable","30":"purchasable","31":"product-type-variable","32":"has-featured-image","33":"square"},"_links":{"self":[{"href":"https:\/\/langwost.de\/index.php?rest_route=\/wp\/v2\/product\/6325"}],"collection":[{"href":"https:\/\/langwost.de\/index.php?rest_route=\/wp\/v2\/product"}],"about":[{"href":"https:\/\/langwost.de\/index.php?rest_route=\/wp\/v2\/types\/product"}],"replies":[{"embeddable":true,"href":"https:\/\/langwost.de\/index.php?rest_route=%2Fwp%2Fv2%2Fcomments&post=6325"}],"wp:featuredmedia":[{"embeddable":true,"href":"https:\/\/langwost.de\/index.php?rest_route=\/wp\/v2\/media\/6342"}],"wp:attachment":[{"href":"https:\/\/langwost.de\/index.php?rest_route=%2Fwp%2Fv2%2Fmedia&parent=6325"}],"wp:term":[{"taxonomy":"product_cat","embeddable":true,"href":"https:\/\/langwost.de\/index.php?rest_route=%2Fwp%2Fv2%2Fproduct_cat&post=6325"},{"taxonomy":"product_tag","embeddable":true,"href":"https:\/\/langwost.de\/index.php?rest_route=%2Fwp%2Fv2%2Fproduct_tag&post=6325"}],"curies":[{"name":"wp","href":"https:\/\/api.w.org\/{rel}","templated":true}]}}